t d = 6985 - -6656. Is d a composite number?
True
Let g(u) = u**3 + 3*u**2 - 2*u + 5. Let z be g(-4). Let m(c) = -c**2 - 3*c - 2. Let y be m(z). Let l(d) = 11*d**2 - 3*d - 1. Is l(y) a composite number?
True
Suppose 5*m + 140 = -3*p, -3*p - 2*p - 295 = -4*m. Let o = p + 161. Is o a composite number?
True
Let t(v) = -v**2 - 5*v + 8. Let w be t(-6). Suppose -2*f + w + 6 = 3*s, 4 = -3*s + f. Suppose -2*b + 0*b + 26 = s. Is b a composite number?
False
Let u = -9543 - -21535. Is u/12*3/2 - -2 a prime number?
False
Let i be -6 + 133/21 + (-26)/6. Is -982*(-1 - i/8) a composite number?
False
Suppose -3*c = b - 32945, 3*b + 3823 = -2*c + 25791. Is c composite?
True
Is (-4)/2*(-27)/(-18) + 254 composite?
False
Let q(u) = u + 6. Let h be q(-6). Let m be (h/(-1) + 0)/(-2). Suppose m = -2*i + i + 305. Is i prime?
False
Let q(d) = d**3 - 13*d**2 + 11*d + 13. Let z be q(15). Suppose 0 = 4*i - 30 + 10. Suppose -i*l = -z - 1917. Is l composite?
False
Suppose 0 = 2*y - 1653 - 1765. Is y prime?
True
Let f(s) = 154*s. Let p(g) = -307*g + 1. Let o = -13 + 10. Let z(b) = o*p(b) - 5*f(b). Is z(2) a prime number?
False
Let h(j) = 136*j**2 - 2*j + 7. Let l be h(4). Let r = l - 1288. Is r composite?
False
Suppose x - 20438 = -5*z, -5*x = -x + 3*z - 81701. Is x a composite number?
True
Let c = 1585 - 71. Suppose -4*m + 3516 = 4*f, 3*m - 2*f - 2637 = -f. Let s = c - m. Is s a composite number?
True
Let s = 4 - 9. Let v(b) = -10*b + 3. Let m be v(s). Let n = m - -312. Is n a composite number?
True
Let w(y) = -27*y**3 + 3*y + 2. Let i be w(-3). Let m be (4 - (-66)/(-30))*255. Let k = i - m. Is k composite?
False
Let c(a) = -5*a**3 + 4*a**2 - 32*a + 31. Is c(-14) a composite number?
False
Let g = 5 - 2. Suppose 0 = -u + 4*n - 16, 8*u = g*u - 4*n + 40. Suppose -2*q + 26 = -u*b - 88, -q + b = -55. Is q a composite number?
False
Let w be 2 + 2 + (1 - 4). Let q = 8 - w. Let o(a) = 149*a + 24. Is o(q) prime?
False
Is -1 + -1 + 1828 - -3 composite?
True
Let g(n) = -n**3 + 6*n**2 + 9*n - 12. Let v be g(7). Suppose 0 = -v*h - 10, 0*h - 198 = -t - 3*h. Is t composite?
True
Let z = 17 + -13. Suppose -z*g = 4*o - 40, -3*o = -o + 3*g - 25. Suppose 0 = o*p + 4*m - 1845, -1875 = -p - 4*p + 2*m. Is p composite?
False
Suppose -4 + 0 = -d, -4*i = -d + 184. Suppose x = -126 - 38. Is i/(-10)*x/(-6) a prime number?
False
Let c be -2 + 0 - (-34)/2. Suppose c*d - 20*d = 15. Is (-320)/d - (-2)/(-3) composite?
True
Let x be 53 + 4/(0 + -2). Let q = 128 + x. Let t = q - 114. Is t a composite number?
True
Let j = 7009 + -4860. Is j composite?
True
Suppose 5*o = 429 + 171. Let u = o + -63. Is u composite?
True
Let j(v) = 1354*v**3 - 2*v**2 + v. Let n be j(1). Suppose -3*u - 6*c + 3*c + n = 0, -2239 = -5*u + 3*c. Is u a prime number?
True
Let d(v) = -4*v - 46. Let r be d(-15). Suppose 0 = -5*m + 64 - r. Is m prime?
False
Let c(w) = 7*w**2 + 12*w - 389. Is c(28) a prime number?
False
Let f(i) = -18*i**2 - 4*i + 25. Let y(d) = d**3 + 89*d**2 + 19*d - 125. Let u(z) = 11*f(z) + 2*y(z). Is u(14) composite?
True
Let t be (-72)/(-27) - (-1)/3. Suppose 5*m = t*a - 9, -3*m - 3*a = -5*a + 6. Is 1 - (m + -1 + -35) a composite number?
False
Let w be (-2)/5*(-30)/12*-57. Is (-5260)/(-6) - 19/w a prime number?
True
Let q(b) = -b**3 + 6*b**2 + 5*b + 9. Let u be q(7). Let x be ((-2)/u)/((-2)/(-70)). Suppose -2*h - 136 = -4*j + x, 2*h + 33 = j. Is j a prime number?
False
Let i(a) be the first derivative of -a**2/2 - 2*a - 2. Let m be i(-5). Suppose 88 = m*j + 3*p - 2*p, 20 = -4*p. Is j prime?
True
Suppose -11*z - 28565 = -6*z. Let b = 9662 + z. Is b a composite number?
True
Suppose -m = 5*n - 0*n - 6, 3*m - n = -14. Is 1527/12 - (m - (-85)/20) a prime number?
True
Suppose 5*f = -3*p + 6, 10 = -2*p + 7*p + 5*f. Suppose 7326 = -p*s + 20*s. Is s prime?
False
Let s(r) = -7*r - 14. Let b be s(-5). Is 14226/b - (-3)/(-7) prime?
True
Let t = -4312 + 7769. Is t a prime number?
True
Is -1*(-19890 - (-15 + 7)) prime?
False
Let v = 272 - 144. Let u = v + 125. Let x = u + -164. Is x a prime number?
True
Suppose 6*v = 8*v - 6. Suppose v*c = n + 784, -c + 6*c - 5*n = 1300. Is 33/(-77) - c/(-7) composite?
False
Suppose 3*y + 2*r - 27 = -2*r, -y - 10 = -5*r. Suppose 0 = o - 2*b - 345, 742 + 953 = y*o + 5*b. Is o a prime number?
False
Let d(v) = 15*v + 1693. Suppose 7*y = 6*y. Is d(y) composite?
False
Let p = -55 - -55. Let i(o) = o**3 + 553. Is i(p) prime?
False
Let n = -19847 - -38670. Is n a composite number?
True
Let f = 26 - 31. Let o(h) = -6*h**3 - h**2 - 9*h - 12. Is o(f) a composite number?
True
Suppose 0 = -13*h - 19*h + 420064. Is h prime?
True
Let h(c) = 2*c + 1. Let l be h(0). Suppose 4*x - 3*x - l = 0. Is (-127)/(-2)*2*x a composite number?
False
Is (3736/(-12))/((-4)/6) prime?
True
Let s = 0 + 4. Let p(n) = 11*n**3 + 0*n**2 + 8*n**2 - 6*n**2 + s - 4*n. Is p(3) a composite number?
False
Let g(f) = 11*f**2 - 26. Is g(27) composite?
False
Let j = -156260 + 222427. Is j composite?
True
Suppose 0 = 4*n + 7*n - 22. Is (1941/6 - 3)/(1/n) a prime number?
True
Let n be -3 - (226/4)/(4/(-232)). Let x = n + -569. Is x a composite number?
True
Let r = -6 - -11. Suppose -132 = 7*f - r*f. Let g = f + 197. Is g prime?
True
Suppose 4*j - 153572 = 4*s, -3*s - 191965 = 5*j - 10*j. Is j composite?
False
Is (-3665 - -6)*(0 + -1) composite?
False
Suppose 0 = -f - j + 4 - 3, f - 4*j = -24. Is f/((-16)/3) - (-16137)/36 a composite number?
False
Let y be (-4)/3*369/2. Let a = y + 460. Suppose 4*w + 2*u = a, -2*w + 57 + 44 = -5*u. Is w prime?
True
Suppose n = -4*n + 10. Let u = 1 + n. Suppose d - 294 - 27 = -2*v, -2*d + u*v + 670 = 0. Is d a prime number?
False
Let d = 36322 + -20009. Is d a prime number?
False
Let j(h) = -2 + 0*h**3 - h**2 + 5*h - 3 - 8*h**3 + 4. Is j(-3) a prime number?
True
Is ((-6)/40 + (-32)/(-80))*238444 a prime number?
True
Let s(j) = -11*j**3 + 23*j**2 - 2*j + 1. Is s(-9) a prime number?
True
Let f = 5740 - -498. Is f a composite number?
True
Is (-3)/((-27)/59587) - (-2)/9 prime?
False
Suppose -3*q + 44280 = 5*t, 11670 = 2*q - 3*t - 17869. Is q a prime number?
False
Let o(x) = 115*x + 17. Let d(z) = -116*z - 17. Let w(i) = 3*d(i) + 2*o(i). Let m be 1 - 33/(-11) - (-1 - -15). Is w(m) a prime number?
True
Suppose -4*t - t = 3*p - 4232, t = 1. Is p a composite number?
False
Suppose -2*z + 5*y - 2*y = -16, -12 = 3*y. Suppose -5*b + z*b = 12, 68 = 4*g - b. Is (124/g)/((-4)/(-16)) prime?
True
Let n be (-34)/(-8) - 1/4. Suppose 3*p + 2 = p + n*d, 0 = d + 3. Let c(k) = -k**2 - 9*k + 9. Is c(p) prime?
True
Let h = -215 - 5927. Let x = -2031 - h. Is x prime?
True
Let r(v) = -639*v - 7. Let d be r(-5). Let z = d + -2021. Is z a prime number?
False
Let d(g) = 314*g - 7. Is d(1) composite?
False
Suppose 2589 + 9079 = 4*v. Is v a prime number?
True
Is (7 - -10)/17*18807*1 prime?
False
Suppose 12*d - 250573 = -19*d. Is d a composite number?
True
Suppose 0 = 2*v - 5*v + 3315. Let q = v - 597. Suppose -p - 3*p = -q. Is p composite?
False
Let p = 8 + -5. Let w = p - 1. Suppose 4*m + 3*n = 203, -151 = -3*m - w*n - 0*n. Is m a prime number?
True
Suppose -2*i + 14316 = 10*i. Is i a prime number?
True
Let r(b) be the third derivative of 199*b**4/12 - 5*b**3/2 - 18*b**2. Is r(2) a composite number?
True
Let m(n) = 13993*n**2 + 31*n + 77. Is m(-3) composite?
False
Suppose -31*s = -24*s - 274309. Is s composite?
True
Is (-14)/(140/(-110)) + 2506 prime?
False
Let a = -24452 + 76237. Is a a composite number?
True
Let x = 4 - 7. Let m(c) = c - 1 - 4 + 3 - 34*c. Is m(x) prime?
True
Let r(p) = 18*p**2 + p - 5. Let w be r(10). Let z = -1240 + w. Is z prime?
False
Let w(u) = u**2 + 11*u + 15. Let l = 1 - 19. Is w(l) a prime number?
False
Suppose 0 = -3*a + 2*s + 883, 4*a + 5*s = 3*a + 300. Is a a prime number?
False
Let x be (30/4)/(3/4). Let z = 10 - x. Suppose 5*b - 4*s - 943 = z, -2*s - 185 = 3*b - 4*b. Is b prime?
True
Suppose -581*o + 580*o + 3607 = 0. Is o a prime number?
True
Let f(o) = o**3 - 8*o**2 - 3*o + 10. Let i be f(8). Let h = 18 + i. Is (-1 + 3)*62/h prime?
True
Let w(u) = 268*u**2 - 16*u - 167. Is w(-9) prime?
False
Let q(v) = v**3 - 12*v**2 - 13*v + 3. Let x be q(13). Suppose x*k + 1 = 22. Suppose 3*h = k*h - 1676. Is h a composite number?
False
Let a = -469 + 787. Suppose -f + a = 59. Is f a prime number?
False
Is -1557*(-345)/